er when l(o) is divided by g(-6)?
6
Let l = 8 + 4. Suppose 4*a - 55 - 100 = -5*p, 3*p - 184 = -5*a. What is the remainder when a is divided by l?
11
Suppose 3*y - 4*w = 97, -4*w + 107 = 3*y - 6. Let b = -25 + y. Suppose 0 = -h + 4*a + 10 + 8, -3*h + b = -a. Calculate the remainder when 4 is divided by h.
0
Suppose 64 = 2*s - 0*f - 5*f, s - 22 = 5*f. What is the remainder when s is divided by 9?
6
Let k be (-1)/4 - 54/8. Let j = k + 16. Suppose -64 - 4 = -4*z. Calculate the remainder when z is divided by j.
8
Let i(z) = -z**3 + 10*z**2 - 8*z - 9. Let d be i(9). Suppose 5*h - 272 = 2*p, -3*p + 180 = 3*h - d*h. Calculate the remainder when h is divided by 29.
27
Suppose 0 = 2*f + 3*d - 38, 0 = -7*f + 6*f - 5*d + 19. What is the remainder when 90 is divided by f?
14
Suppose 0*h - 2*h = -54. Suppose 4*p - 68 = -4*m, -19 = -5*m - 4. What is the remainder when h is divided by p?
13
Let p = -45 + 53. Calculate the remainder when p is divided by 4.
0
Suppose 0 = -5*s + 2*s + 9. Let m be 4*(0 - -3)/s. Suppose -66 = -5*t + m. Calculate the remainder when 41 is divided by t.
13
Suppose -2*o - 36 = -0*o. What is the remainder when (-5*3)/(o/12) is divided by (1*5 - 1)*1?
2
Let l = 66 - 46. Let d = l - 11. Calculate the remainder when 16 is divided by d.
7
Suppose v = c - 17, 4*c - 62 = -v + 3*v. What is the remainder when 110 is divided by c?
12
Let p = -8 - -10. Calculate the remainder when 2 is divided by p.
0
Suppose -j + 6 = 1, 5*s + 2*j = 230. Let p = 74 - s. Let t(h) = 3*h + 4. Calculate the remainder when p is divided by t(4).
14
Let v = 10 + -5. Let g be (-25)/9 - (-6)/(-27). Let t = g + v. Calculate the remainder when t is divided by 1.
0
Suppose -2*n + 9 + 75 = 0. What is the remainder when n is divided by 12?
6
What is the remainder when (14/(-5))/((-5)/25) is divided by 4?
2
Calculate the remainder when (-2 + -1 + -239)*2/(-4) is divided by 31.
28
Let u(f) = f**2 + f - 1. Let h(s) = 5*s**2 + 3*s - 4. Let z(c) = h(c) - 4*u(c). Let a be z(-6). Let j = a + -27. What is the remainder when 44 is divided by j?
14
Let c(v) = -5*v**2 - 7 + 2*v**2 - 2*v - 4*v + v**3. Let r(i) = 26*i**2 + 3*i + 2. What is the remainder when r(-1) is divided by c(5)?
12
Let b = -18 + 20. Calculate the remainder when 7 is divided by b.
1
Suppose z - 32 + 3 = -5*t, 2*z - 93 = -3*t. Calculate the remainder when 106 is divided by z.
52
Let r(k) = -k**3 + 2*k + 10. What is the remainder when r(0) is divided by 4?
2
Let f(p) = 2*p - 1. Let x be f(-2). Let h(v) = v**2 + 5*v + 2. What is the remainder when 2 is divided by h(x)?
0
Suppose -d + 2*o + 29 = 0, 3*o = 2*o. Calculate the remainder when d is divided by 6.
5
Let w = 240 + -63. Let a = w + -109. Suppose 0 = -2*q + 59 - 13. Calculate the remainder when a is divided by q.
22
Suppose 183*s - 188*s + 115 = 0. What is the remainder when 37 is divided by s?
14
Suppose -4*t - 4*o = -8, -4*t - 5*o = -2*t - 16. Suppose -1 = j - 2. Calculate the remainder when j is divided by (t - (-5)/3)*-3.
0
Suppose 0*l + 2*x + 6 = l, 6 = -3*l - 2*x. Suppose 21 + 17 = 2*f + 2*g, -3*f + 3*g + 33 = l. What is the remainder when f is divided by 9?
6
What is the remainder when 93 + 5/((-10)/8) is divided by 45?
44
Suppose k + k - 10 = 0. Suppose 4*c - 4 = 0, -4*w - 3*c + 57 - 18 = 0. Suppose -5*s + 8*s = w. Calculate the remainder when k is divided by s.
2
Let i(k) = k - 3. Let t be i(3). Suppose 2*c + j - 87 = -c, t = j. Suppose 0 = 4*v - 5*q - 35, q + 3*q = 20. What is the remainder when c is divided by v?
14
What is the remainder when (-852)/(-42)*(-21)/(-1 + -2) is divided by 24?
22
Suppose -6*u + 8*u = 10. What is the remainder when 7 is divided by u?
2
Suppose 13 = -j - 5*q, 5*j + 15 = -3*q - 6. Let o = j + 7. What is the remainder when 4 is divided by o?
0
Let w = 0 - -2. Suppose 0*b + b = -w*q + 75, 5*b = 5*q - 225. Let n = 27 + -13. What is the remainder when q is divided by n?
12
What is the remainder when 37 is divided by 112/8*(-10)/(-7)?
17
Let j = 10 + -5. Suppose j*r + 15 - 38 = 3*l, -32 = -4*r - l. What is the remainder when 20 is divided by r?
6
Let r be (-1)/((4 - 2)/2). What is the remainder when (-21)/(-2) + r/(-2) is divided by 6?
5
Suppose 0*y = -4*y + 20. Suppose 4*o - 4 = -3*s + 31, -5*s + y*o = -35. Calculate the remainder when s is divided by 3.
0
Suppose -2*w = 28 - 90. What is the remainder when 151 is divided by w?
27
Let x(p) = p**3 + 5*p**2 - 1. Calculate the remainder when 40 is divided by x(-4).
10
Let x = 109 - 60. Suppose -p + 4*p = 51. What is the remainder when x is divided by p?
15
Let j be -4*22/4 + -2. Let p = 43 + j. Calculate the remainder when p is divided by 7.
5
Let k = -16 - -18. Let b(o) = o - 7. Let a be b(10). Suppose k = 2*j + 2*n - 2, 22 = a*j - n. What is the remainder when 10 is divided by j?
4
Let x(g) = -g**2 + 17*g - 20. Calculate the remainder when x(6) is divided by 16.
14
What is the remainder when (-346)/(-14) + 8/28 is divided by 9?
7
Let j be (-3)/1*2/(-3). Let s(n) = 2*n**2 - 2*n + 1. Calculate the remainder when s(j) is divided by 2.
1
Let z = 3 + -3. Let b be 2 - (z - 2 - -2). Calculate the remainder when 18 is divided by (30/(-9))/(b/(-6)).
8
What is the remainder when -1 + 1 - (2 - 24) is divided by (-3)/(-4) + 116/16?
6
Let u(s) = s**2 + 3*s + 5. Let v be u(-4). Let h(g) = -g**2 + 10*g - 4. Calculate the remainder when 13 is divided by h(v).
3
Let d(l) = 14*l - 3. Let k(n) = 3*n**2 - 5*n + 2. Calculate the remainder when d(5) is divided by k(3).
11
Let j be ((-21)/6)/(5/(-10)). What is the remainder when -34*(-4 + j)/(-6) is divided by 4?
1
Suppose 3*m + 6*b - b - 34 = 0, 2*m = b + 27. Suppose -m = -d - 3*d - q, -3*q = -d. Let n = 9 - 2. Calculate the remainder when n is divided by d.
1
Let a(v) = 3*v - 16. Let i be a(8). Suppose -7*j - 36 = -i*j. What is the remainder when j is divided by 13?
10
Let n = -8 + 37. What is the remainder when n is divided by 8?
5
Let p(l) = -5*l - 3*l - 8*l. Suppose -k = c - 6, -5*c - 3 + 68 = -2*k. Calculate the remainder when p(-2) is divided by c.
10
Suppose 3*r = 2*r + 5*u + 20, -3*u = -9. Let t = -43 + 52. Calculate the remainder when r is divided by t.
8
Let g = 1 + 1. Suppose -k = g*k - 2*v - 140, -k = v - 55. What is the remainder when k is divided by 17?
16
Suppose -l - 11 = 3*l - 3*d, -l + 4*d = 19. Suppose -o + 9 = -l. What is the remainder when o is divided by 6?
4
Let w = 15 + -11. Suppose 2*p - 16 = 2*l, -3*l - 2*l - 13 = -2*p. Calculate the remainder when p is divided by w.
1
Suppose 0*x = -2*s + 2*x + 194, s + x - 97 = 0. Calculate the remainder when s is divided by 14.
13
Let d be (-13)/2 - (-9)/6. Let s(p) be the third derivative of p**4/24 + 11*p**3/6 - 2*p**2. Calculate the remainder when 16 is divided by s(d).
4
Suppose -48 = -3*u + 3. What is the remainder when u is divided by 4?
1
Let j = 16 - 2. Calculate the remainder when 1 is divided by (-10)/4*j/(-35).
0
Let l = -16 + 7. Suppose -v + 3*q + 58 = v, -4*q - 8 = 0. Calculate the remainder when v is divided by l/(-3)*(1 - -2).
8
Let a = 104 + -74. Suppose -3*y = -0*y - a. What is the remainder when 37 is divided by y?
7
Suppose 3*u = 5*n + 14 - 0, 0 = -2*u - n + 31. Calculate the remainder when -1 - (-1 + -1 - 24) is divided by u.
12
Suppose 3*r - r = 4*u + 40, -5*u + 5*r = 55. Let s = 38 + u. What is the remainder when s is divided by 10?
9
Suppose 2*w - 7*f + 5*f - 86 = 0, -8 = -4*f. Let a = w + -25. Calculate the remainder when a is divided by 11.
9
Suppose -4*r + 3*h = 97 - 259, -r + 29 = 5*h. Calculate the remainder when r is divided by 20.
19
What is the remainder when (0 + 2)*51/6 is divided by 5?
2
Let f(g) be the first derivative of -g**4/4 + 2*g**3 + 7*g + 3. What is the remainder when 19 is divided by f(6)?
5
Let u be (-3)/(-9) - 78/(-9). Calculate the remainder when 1 + (-48)/u*-3 is divided by 10.
7
Suppose -4*n + 0*n + 112 = 0. Suppose -5*f - 130 + 480 = 0. Suppose r - 45 = -3*r - 3*b, -f = -5*r - b. What is the remainder when n is divided by r?
13
Suppose -j + 2*j - 117 = 0. Suppose -3*u = j - 3. Let o = u + 65. Calculate the remainder when o is divided by 14.
13
Suppose 0*y + 13*y = 481. Calculate the remainder when 146 is divided by y.
35
Let p(v) = v**2 + 6*v + 21. What is the remainder when p(-8) is divided by 8?
5
Let n(k) be the second derivative of k**5/